= -g - 0*g - 4*t + 15. What is the units digit of g?
3
Let w(t) = -4*t**2 - t + 4. Let z(s) = -s**2 + 1. Suppose -25 = 5*l, 0 = -2*r + l - 0 - 7. Let f(h) = r*z(h) + w(h). What is the units digit of f(-2)?
8
Let n = -33 - -39. What is the units digit of n?
6
Suppose 0 = 4*q - 161 - 151. What is the units digit of q?
8
Let p = 5 - 10. What is the units digit of 2/p + 110/25?
4
What is the hundreds digit of -206*(28/(-8))/7?
1
Let y = 396 - 187. What is the tens digit of y?
0
Let i = 6 - 2. What is the units digit of i?
4
What is the tens digit of (-772)/(-12) - 4/(-6)?
6
Let v(a) = 0*a**2 + 5 + 2 - a**2. Let p be 0*(-3)/(-18)*3. What is the units digit of v(p)?
7
Let q(r) = r**3 - 6*r**2 + 5*r + 2. Let b be q(5). Suppose 4*o - 30 = b*o. What is the units digit of o?
5
Suppose -5*n - 2*o = 1, -o - 2 = -4*n + 5. Suppose 5*m - 15 = -2*k, k = -4*m + 8 + n. What is the units digit of k?
5
Let x = -62 - -77. What is the tens digit of x?
1
Let j = 17 + 10. What is the tens digit of j?
2
Let s = 256 + -84. What is the tens digit of s?
7
What is the tens digit of (104/10)/((-6)/(-30))?
5
Let c(s) = -s**3 - s**2 - s - 1. Let x(a) = 5*a**3 + 6*a**2 + 5*a - 11. Let p(v) = -6*c(v) - x(v). What is the units digit of p(0)?
7
Let u be 1 - (-28)/(2/1). Suppose 0 = o - 4*o + u. What is the units digit of o?
5
Let p(m) = -3*m - 1. Let k be p(-5). What is the tens digit of k + 3 + -3 + 2?
1
Let n(u) = 4*u. Let a be n(-2). Let s be 58/(-3)*(-12)/a. Let i = 44 + s. What is the units digit of i?
5
Suppose 3*s + 5*o + 4 = 0, 3*o + 22 = 3*s - 2*s. Let r(l) = 0*l + 7*l - 5 + 6*l**2 - s*l**2. What is the units digit of r(6)?
1
Let t(d) = 2*d - 24. What is the tens digit of t(23)?
2
Let y(n) = 2*n**3 - 6*n**2 + 2*n + 3. What is the tens digit of y(6)?
3
Suppose 5*r + 0*r = -55. What is the units digit of (-1)/(-3) - r/3?
4
Let i(o) = -4*o**2 + o - 2. Let z(x) = -7*x**2 + 3*x - 5. Let n(b) = 5*i(b) - 3*z(b). Let r = -6 - -10. What is the units digit of n(r)?
5
Suppose 5*q - 27 = 23. Let f = q + -4. What is the units digit of f?
6
What is the tens digit of 195/10 + (-3)/(-2)?
2
Suppose -b + 49 = -14. What is the tens digit of b?
6
Let i be -4*(-1 - 1)/2. Let c be (-18)/(-4)*2/3. Suppose -i*j + c*j = -3*f - 2, 4 = 4*f. What is the units digit of j?
5
Let u = 62 - 18. What is the tens digit of u?
4
Let w = 24 + -15. Suppose w*j - 4*j = 70. What is the tens digit of j?
1
Let t(c) = c**2 - c + 4. Let i be t(3). Suppose -3*q - i = -8*q. Let v(p) = 4*p - 2. What is the units digit of v(q)?
6
Suppose 5*h - 24 = 66. Let k = h - 5. Suppose 6*s - t = s + 38, -s + 2*t + k = 0. What is the units digit of s?
7
Let n be ((-12)/9)/(8/(-36)). What is the tens digit of (4/n)/(2/39)?
1
Suppose -3*z - 2*n + 146 = 0, 2*z - 237 = -3*z + 3*n. Suppose 47 + z = 5*k. What is the units digit of k?
9
What is the units digit of (2 - 6)*((-742)/8)/7?
3
Let r(i) = -i**2 + 3*i - 1. Let w be r(4). Let l = -45 + 56. Let x = w + l. What is the units digit of x?
6
Let k(t) be the second derivative of t**4/12 + 5*t**3/6 + 2*t**2 - 2*t. What is the units digit of k(-5)?
4
Suppose 20 + 22 = 2*v. What is the tens digit of v?
2
What is the units digit of 2*(-1)/((-1)/40)?
0
Suppose 5*s - 30 = 2*x + s, 2*x + 3*s - 5 = 0. Let t = x + -3. What is the units digit of ((-20)/t)/(1/2)?
5
Let p = -88 - -54. Let w = p - -65. What is the tens digit of w?
3
Let c be (-2)/(1 + (-10)/8). Suppose -c = -v + 7. What is the units digit of v?
5
Suppose j + 33 = 2*p, 3*p + 5*j = 2 + 15. Let m = 25 - p. What is the tens digit of m?
1
Suppose 0*h = 5*h - 10. Suppose 0 = -5*t + 4*r + 23, 6*t - 5*r = h*t + 13. What is the units digit of t?
7
Let o(n) = 214*n**3. What is the units digit of o(1)?
4
Suppose -2*k - 18 = k. Let t = 14 - k. What is the tens digit of t?
2
Let p = -9 - -7. Let s(d) = d + 3. What is the units digit of s(p)?
1
Let v(y) be the third derivative of -y**5/60 + y**4/4 + y**3/2 - 2*y**2. What is the units digit of v(4)?
1
Let y(n) = 3*n**2 + 2*n + 1. Let w be y(-1). Suppose 0 = 3*g + 2*z - 34, 3*g + w*z - 4 = 6*z. What is the units digit of g?
8
Suppose -4*g = 5*t - 1 + 9, 0 = t + g + 2. Suppose 7*u + 2 = -2*m + 2*u, t = m - 4*u - 25. What is the units digit of m?
9
Suppose -4*a = -8 - 4. Suppose 2*m = -a*m + 115. What is the units digit of m?
3
Let s(k) = -k**3 - 5*k**2 - 4*k - 2. Let r be s(-3). Let l be (r/(-12))/((-4)/(-42)). Suppose -4*g - 3 = -l. What is the units digit of g?
1
Let h(m) = -m**3 - 4*m**2 - 3*m - 1. Let k = 14 + 6. Suppose b + 4*b + k = 0. What is the units digit of h(b)?
1
Let y(o) = -7*o + 1. What is the units digit of y(-6)?
3
Let r = 15 - 10. Suppose -2*m - 3*m = -r. What is the units digit of m?
1
Suppose -o = -2*p + 2, -2*o + o + 5*p = 8. Suppose -12 = -2*m - o*c, 2*m = 4*c + c + 40. What is the tens digit of m?
1
Let x(p) be the second derivative of -7*p**3/2 - 3*p**2/2 - p. Let t be x(-2). Suppose 0*z - 3*m = -3*z + t, -20 = -2*z - m. What is the tens digit of z?
1
Let r(y) = -y**3 - 2*y**2 - 2*y. Let o = -8 + 6. What is the units digit of r(o)?
4
Let b = 12 + 20. What is the tens digit of b?
3
Suppose -5*u - 77 - 100 = -2*f, -2*f - 4*u = -168. Let l = -39 + f. What is the tens digit of l?
4
Suppose 6*g + 20 = 2*g, 12 = -3*q - 3*g. Suppose -q - 8 = -3*t. Suppose -t = -4*k + 4*n + 49, 3 = n. What is the tens digit of k?
1
Suppose 8 = 4*y - 48. Let n = y - -3. What is the units digit of n?
7
What is the units digit of (-3)/(-9) + 177/9?
0
Let v = 36 + -8. What is the units digit of v?
8
Suppose -3*h = -3*q + 201, 5*q = 3*h - 0*h + 329. What is the units digit of q?
4
Let h(c) = -9*c - 2. Let f be h(4). Let y = -13 - f. What is the tens digit of y?
2
Let n = 1 - -11. Suppose 0 = -2*p + n + 4. What is the units digit of p?
8
Suppose -86 = -2*b - 4*a, 0 = -5*b + 2*a - 0*a + 215. What is the tens digit of b?
4
Let v = 62 + -40. What is the units digit of v?
2
Suppose 112 = -3*z + 271. What is the units digit of z?
3
Let c = -24 - -26. Suppose -c*q + 39 = -17. What is the tens digit of q?
2
Suppose -3*k + 45 + 22 = -u, -u - 43 = -2*k. Suppose -4*l - 34 = -z, -3*l - 24 = l + 4*z. Let j = l + k. What is the units digit of j?
6
Suppose -5*s = b, 0 = -3*b - b + 3*s + 92. Let l = b - 14. What is the units digit of l?
6
Let f = -14 - -27. What is the tens digit of f?
1
Let o(l) = -l**2 + 5*l + 4. Let i be o(5). Suppose 0 = i*r - 7*r + 42. What is the units digit of r?
4
Suppose 2*n - 6*n = 0. Suppose 3*r = n, 6*q - 3*r = q + 75. What is the units digit of q?
5
Let w = -8 - -8. Suppose -2*s = 4*d - 4, w*s - 4 = -s - d. What is the units digit of s?
6
Let j(n) = n + 10. Let z be j(-8). What is the units digit of (-7 - 2)/((-3)/z)?
6
What is the units digit of ((-3)/(-2))/(14/140)?
5
Suppose -c + 4 + 11 = 4*p, 0 = -5*c + p - 9. What is the units digit of (c - -35)/((-10)/(-5))?
7
Let x(c) = c + 3. Suppose -3*p + 17 - 5 = 0. What is the units digit of x(p)?
7
Suppose -4*x = 3*z - 554, -5*z + 341 = -3*z - 3*x. What is the tens digit of z?
7
Suppose h = s + 16, -5*h - 32 - 8 = 5*s. Let f = 17 + s. What is the units digit of f?
5
Suppose 0*h - 2*h = 4. What is the units digit of 15 + (0/(-2))/h?
5
Let j = 19 - 12. Let x = j + 3. What is the units digit of x?
0
Let y be 4 + (3 + -2 - 3). Let p(z) = 3*z. What is the units digit of p(y)?
6
Let z = -47 + 14. Let x = 18 + z. Let d = -5 - x. What is the tens digit of d?
1
Let t(x) = x + 4. Suppose 0 = -l + 2*l. What is the units digit of t(l)?
4
Let k(t) = 2*t**2 + 3*t - 3. Let l be k(-3). Suppose a - 25 = 4*g - 0, 4*g + 42 = 2*a. Let x = a - l. What is the units digit of x?
1
Let a = 0 + -3. Let b = 6 + a. What is the units digit of b?
3
Suppose -2*d + 4*t + 2 = -t, 0 = -4*t + 16. What is the tens digit of (-35 + d)*(1 - 2)?
2
What is the units digit of -3 - (2 - -12*(-8)/12)?
3
Let o be -4*1/((-4)/10). Let m be (-24)/10*(-35)/14. Suppose -m*s + s = -o. What is the units digit of s?
2
Let h(b) = b**2 - b + 2. Let s be h(5). What is the units digit of 312/s - (-24)/(-132)?
4
Let l(x) = -x. Let p = 2 + -1. Let c be (-1)/(-2)*(-18)/p. What is the units digit of l(c)?
9
Suppose -90 = -3*u + 3*b, 3*u - 66 = -0*b - 5*b. What is the units digit of u?
7
Let x = -26 - -18. Let d = 3 - x. What is the units digit of d?
1
Let p be (5 + -1)/(4/10). What is the tens digit 